{"id":1955,"date":"2026-01-03T12:15:55","date_gmt":"2026-01-03T12:15:55","guid":{"rendered":"https:\/\/www.reisen-im-licht-der-sterne.de\/?page_id=1955"},"modified":"2026-01-03T12:39:57","modified_gmt":"2026-01-03T12:39:57","slug":"seestar","status":"publish","type":"page","link":"https:\/\/www.reisen-im-licht-der-sterne.de\/?page_id=1955","title":{"rendered":"Seestar"},"content":{"rendered":"<div id=\"tdi_1\" class=\"tdc-zone\"><div class=\"tdc_zone tdi_2  wpb_row td-pb-row tdc-element-style\"  >\n<style scoped>\n\/* custom css - generated by TagDiv Composer *\/\n\n\/* custom css - generated by TagDiv Composer *\/\n\/* custom css - generated by TagDiv Composer *\/\n.tdi_2{\r\n                    min-height: 0;\r\n                }\n\/* inline tdc_css att - generated by TagDiv Composer *\/\n\n.tdi_2{\nposition:relative;\n}\n\n<\/style>\n<div class=\"tdi_1_rand_style td-element-style\" ><style>\n\/* custom css - generated by TagDiv Composer *\/\n\n.tdi_1_rand_style{\nbackground-color:#000c1e !important;\n}\n <\/style><\/div><div id=\"tdi_3\" class=\"tdc-row\"><div class=\"vc_row tdi_4  wpb_row td-pb-row\" >\n<style scoped>\n\/* custom css - generated by TagDiv Composer *\/\n\n\/* custom css - generated by TagDiv Composer *\/\n\/* custom css - generated by TagDiv Composer *\/\n.tdi_4,\r\n                .tdi_4 .tdc-columns{\r\n                    min-height: 0;\r\n                }.tdi_4,\r\n\t\t\t\t.tdi_4 .tdc-columns{\r\n\t\t\t\t    display: block;\r\n\t\t\t\t}.tdi_4 .tdc-columns{\r\n\t\t\t\t    width: 100%;\r\n\t\t\t\t}\n<\/style><div class=\"vc_column tdi_6  wpb_column vc_column_container tdc-column td-pb-span12\">\n<style scoped>\n\/* custom css - generated by TagDiv Composer *\/\n\n\/* custom css - generated by TagDiv Composer *\/\n\/* custom css - generated by TagDiv Composer *\/\n.tdi_6{\r\n                    vertical-align: baseline;\r\n                }.tdi_6 > .wpb_wrapper,\r\n\t\t\t\t.tdi_6 > .wpb_wrapper > .tdc-elements{\r\n\t\t\t\t    display: block;\r\n\t\t\t\t}.tdi_6 > .wpb_wrapper > .tdc-elements{\r\n\t\t\t\t    width: 100%;\r\n\t\t\t\t}.tdi_6 > .wpb_wrapper > .vc_row_inner{\r\n\t\t\t\t    width: auto;\r\n\t\t\t\t}.tdi_6 > .wpb_wrapper{\r\n\t\t\t\t    width: auto;\r\n\t\t\t\t    height: auto;\r\n\t\t\t\t}\n<\/style><div class=\"wpb_wrapper\" ><div class=\"td_block_wrap td_flex_block_5 tdi_7 td_with_ajax_pagination td-pb-border-top td_block_template_9 td_flex_block\"  data-td-block-uid=\"tdi_7\" >\n<style>\n\/* custom css - generated by TagDiv Composer *\/\n.td_block_template_9.widget > ul > li {\r\n                margin-left: 0 !important;\r\n            }\r\n            .td_block_template_9 .td-block-title {\r\n                font-size: 17px;\r\n                font-weight: 500;\r\n                margin-top: -10px;\r\n                margin-bottom: 22px;\r\n                line-height: 37px;\r\n                padding: 0;\r\n                position: relative;\r\n                text-align: left;\r\n            }\r\n            .td_block_template_9 .td-block-title:before {\r\n                content: '';\r\n                width: 100%;\r\n                height: 2px;\r\n                position: absolute;\r\n                top: 100%;\r\n                left: 0;\r\n                background-color: #f5f5f5;\r\n            }\r\n            .td_block_template_9 .td-block-title:after {\r\n                content: '';\r\n                width: 50px;\r\n                height: 2px;\r\n                position: absolute;\r\n                top: 100%;\r\n                left: 0;\r\n                margin: auto;\r\n                background-color: var(--td_header_color, var(--td_theme_color, #4db2ec));\r\n            }\r\n            .td_block_template_9 .td-block-title > * {\r\n                color: var(--td_text_header_color, #000);\r\n            }\r\n            .td_block_template_9 .td-subcat-filter {\r\n                line-height: 37px;\r\n                display: table;\r\n            }\r\n            .td_block_template_9 .td-subcat-dropdown {\r\n                line-height: 1;\r\n                position: static;\r\n            }\r\n            .td_block_template_9 .td-subcat-dropdown .td-subcat-more {\r\n                margin-bottom: 0 !important;\r\n            }\r\n            .td_block_template_9 .td-subcat-dropdown ul:after {\r\n                height: 2px !important;\r\n            }\r\n            .td_block_template_9 .td-related-title {\r\n                margin-top: 0 !important;\r\n            }\r\n            .td_block_template_9 .td-related-title a {\r\n                margin-right: 20px;\r\n            }\r\n            @media (max-width: 767px) {\r\n                .td_block_template_9 .td-related-title a{\r\n                    font-size: 15px;\r\n                }\r\n            }\r\n            .td_block_template_9 .td-related-title .td-cur-simple-item {\r\n                color: var(--td_theme_color, #4db2ec);\r\n            }\n\/* inline tdc_css att - generated by TagDiv Composer *\/\n\n.tdi_7{\npadding-top:20px !important;\npadding-right:20px !important;\npadding-bottom:10px !important;\npadding-left:20px !important;\nborder-color:#dd9933 !important;\nborder-style:solid !important;\nborder-width: 1px 1px 1px 1px !important;\nposition:relative;\n}\n\n<\/style>\n<style>\n\/* custom css - generated by TagDiv Composer *\/\n\/* custom css - generated by TagDiv Composer *\/\n.tdi_7 .td_module_wrap{\r\n\t\t\t\t\twidth: 25%;\r\n\t\t\t\t\tfloat: left;\r\n\t\t\t\t}.tdi_7 .td_module_wrap:nth-child(4n+1){\r\n\t\t\t\t\tclear: both;\r\n\t\t\t\t}.tdi_7 .td_module_wrap:nth-last-child(-n+3){\r\n\t\t\t\t\tmargin-bottom: 0;\r\n\t\t\t\t\tpadding-bottom: 0;\r\n\t\t\t\t}.tdi_7 .td_module_wrap:nth-last-child(-n+3) .td-module-container:before{\r\n\t\t\t\t\tdisplay: none;\r\n\t\t\t\t}.tdi_7 .td_module_wrap{\r\n\t\t\t\t\tpadding-left: 20px;\r\n\t\t\t\t\tpadding-right: 20px;\r\n\t\t\t\t\r\n\t\t\t\t\tpadding-bottom: 18px;\r\n\t\t\t\t\tmargin-bottom: 18px;\r\n\t\t\t\t\r\n\t\t\t\t    display: flex;\r\n\t\t\t\t}.tdi_7 .td_block_inner{\r\n\t\t\t\t\tmargin-left: -20px;\r\n\t\t\t\t\tmargin-right: -20px;\r\n\t\t\t\t\r\n                    display: flex;\r\n                    flex-wrap: wrap;\r\n\t\t\t\t}.tdi_7 .td-module-container:before{\r\n\t\t\t\t\tbottom: -18px;\r\n\t\t\t\t\r\n\t\t\t\t\tborder-width: 0 0 1px 0;\r\n\t\t\t\t\tborder-style: solid;\r\n\t\t\t\t\tborder-color: #eaeaea;\r\n\t\t\t\t\r\n\t\t\t\t\tborder-color: #eaeaea;\r\n\t\t\t\t}.tdi_7 .td-module-container{\r\n\t\t\t\t    border-color: #eaeaea;\r\n\t\t\t\t\r\n                    flex-grow: 1;\r\n\t\t\t\t}.tdi_7 .entry-thumb{\r\n\t\t\t\t\tbackground-position: center 50%;\r\n\t\t\t\t}body .tdi_7 .td-favorite{\r\n                    box-shadow:  1px 1px 4px 0px rgba(0, 0, 0, 0.2);\r\n                \r\n                    font-size: 36px;\r\n                }.tdi_7 .td-post-vid-time{\r\n\t\t\t\t\tdisplay: block;\r\n\t\t\t\t}.tdi_7 .td-module-meta-info{\r\n\t\t\t\t\tborder-color: #eaeaea;\r\n\t\t\t\t}.tdi_7 .td-excerpt{\r\n\t\t\t\t\tdisplay: block;\r\n\t\t\t\t}.tdi_7 .td-audio-player{\r\n\t\t\t\t\topacity: 1;\r\n\t\t\t\t\tvisibility: visible;\r\n\t\t\t\t\theight: auto;\r\n\t\t\t\t\r\n\t\t\t\t\tfont-size: 13px;\r\n\t\t\t\t}.tdi_7 .td-post-category:not(.td-post-extra-category){\r\n\t\t\t\t\tdisplay: none;\r\n\t\t\t\t}.tdi_7 .td-author-date{\r\n\t\t\t\t\tdisplay: inline;\r\n\t\t\t\t}.tdi_7 .td-post-author-name{\r\n\t\t\t\t\tdisplay: none;\r\n\t\t\t\t}.tdi_7 .td-author-photo .avatar{\r\n\t\t\t\t    width: 20px;\r\n\t\t\t\t    height: 20px;\r\n\t\t\t\t\r\n\t\t\t\t    margin-right: 6px;\r\n\t\t\t\t\r\n\t\t\t\t    border-radius: 50%;\r\n\t\t\t\t}.tdi_7 .td-post-date,\r\n\t\t\t\t.tdi_7 .td-post-author-name span{\r\n\t\t\t\t\tdisplay: inline-block;\r\n\t\t\t\t}.tdi_7 .entry-review-stars{\r\n\t\t\t\t\tdisplay: none;\r\n\t\t\t\t}.tdi_7 .td-icon-star,\r\n                .tdi_7 .td-icon-star-empty,\r\n                .tdi_7 .td-icon-star-half{\r\n\t\t\t\t\tfont-size: 15px;\r\n\t\t\t\t}.tdi_7 .td-module-comments{\r\n\t\t\t\t\tdisplay: none;\r\n\t\t\t\t}.tdi_7 .td-read-more{\r\n\t\t\t\t\tdisplay: block;\r\n\t\t\t\t}.tdi_7 .td-module-title a{\r\n                    box-shadow: inset 0 0 0 0 #000;\r\n                }.tdi_7 .td-image-container{\r\n\t\t\t\t    flex: 0 0 0;\r\n\t\t\t\t}html:not([class*='ie']) .tdi_7 .td-module-container:hover .entry-thumb:before{\r\n                    opacity: 0;\r\n                }@media (min-width: 768px) {\r\n                    .tdi_7 .td-module-title a {\r\n                        transition: all 0.2s ease;\r\n                        -webkit-transition: all 0.2s ease;\r\n                    }\r\n                }\n\n\/* landscape *\/\n@media (min-width: 1019px) and (max-width: 1140px){\n\/* custom css - generated by TagDiv Composer *\/\n.tdi_7 .td_module_wrap{\r\n\t\t\t\t\tclear: none !important;\r\n\t\t\t\t}.tdi_7 .td_module_wrap:nth-child(4n+1){\r\n\t\t\t\t\tclear: both !important;\r\n\t\t\t\t}.tdi_7 .td_module_wrap{\r\n\t\t\t\t\tpadding-bottom: 18px !important;\r\n\t\t\t\t\tmargin-bottom: 18px !important;\r\n\t\t\t\t\r\n\t\t\t\t\tpadding-bottom: 18px;\r\n\t\t\t\t\tmargin-bottom: 18px;\r\n\t\t\t\t}.tdi_7 .td_module_wrap:nth-last-child(-n+3){\r\n\t\t\t\t\tmargin-bottom: 0 !important;\r\n\t\t\t\t\tpadding-bottom: 0 !important;\r\n\t\t\t\t}.tdi_7 .td_module_wrap .td-module-container:before{\r\n\t\t\t\t\tdisplay: block !important;\r\n\t\t\t\t}.tdi_7 .td_module_wrap:nth-last-child(-n+3) .td-module-container:before{\r\n\t\t\t\t\tdisplay: none !important;\r\n\t\t\t\t}.tdi_7 .td-module-container:before{\r\n\t\t\t\t\tbottom: -18px;\r\n\t\t\t\t}.tdi_7 .td-module-title a{\r\n                    box-shadow: inset 0 0 0 0 #000;\r\n                }@media (min-width: 768px) {\r\n                    .tdi_7 .td-module-title a {\r\n                        transition: all 0.2s ease;\r\n                        -webkit-transition: all 0.2s ease;\r\n                    }\r\n                }\n}\n\n\/* portrait *\/\n@media (min-width: 768px) and (max-width: 1018px){\n\/* custom css - generated by TagDiv Composer *\/\n.tdi_7 .td_module_wrap{\r\n\t\t\t\t\tclear: none !important;\r\n\t\t\t\t}.tdi_7 .td_module_wrap:nth-child(4n+1){\r\n\t\t\t\t\tclear: both !important;\r\n\t\t\t\t}.tdi_7 .td_module_wrap{\r\n\t\t\t\t\tpadding-bottom: 18px !important;\r\n\t\t\t\t\tmargin-bottom: 18px !important;\r\n\t\t\t\t\r\n\t\t\t\t\tpadding-bottom: 18px;\r\n\t\t\t\t\tmargin-bottom: 18px;\r\n\t\t\t\t}.tdi_7 .td_module_wrap:nth-last-child(-n+3){\r\n\t\t\t\t\tmargin-bottom: 0 !important;\r\n\t\t\t\t\tpadding-bottom: 0 !important;\r\n\t\t\t\t}.tdi_7 .td_module_wrap .td-module-container:before{\r\n\t\t\t\t\tdisplay: block !important;\r\n\t\t\t\t}.tdi_7 .td_module_wrap:nth-last-child(-n+3) .td-module-container:before{\r\n\t\t\t\t\tdisplay: none !important;\r\n\t\t\t\t}.tdi_7 .td-module-container:before{\r\n\t\t\t\t\tbottom: -18px;\r\n\t\t\t\t}.tdi_7 .td-module-title a{\r\n                    box-shadow: inset 0 0 0 0 #000;\r\n                }@media (min-width: 768px) {\r\n                    .tdi_7 .td-module-title a {\r\n                        transition: all 0.2s ease;\r\n                        -webkit-transition: all 0.2s ease;\r\n                    }\r\n                }\n}\n\n\/* phone *\/\n@media (max-width: 767px){\n\/* custom css - generated by TagDiv Composer *\/\n.tdi_7 .td_module_wrap{\r\n\t\t\t\t\tclear: none !important;\r\n\t\t\t\t}.tdi_7 .td_module_wrap:nth-child(4n+1){\r\n\t\t\t\t\tclear: both !important;\r\n\t\t\t\t}.tdi_7 .td_module_wrap{\r\n\t\t\t\t\tpadding-bottom: 18px !important;\r\n\t\t\t\t\tmargin-bottom: 18px !important;\r\n\t\t\t\t\r\n\t\t\t\t\tpadding-bottom: 18px;\r\n\t\t\t\t\tmargin-bottom: 18px;\r\n\t\t\t\t}.tdi_7 .td_module_wrap:nth-last-child(-n+3){\r\n\t\t\t\t\tmargin-bottom: 0 !important;\r\n\t\t\t\t\tpadding-bottom: 0 !important;\r\n\t\t\t\t}.tdi_7 .td_module_wrap .td-module-container:before{\r\n\t\t\t\t\tdisplay: block !important;\r\n\t\t\t\t}.tdi_7 .td_module_wrap:nth-last-child(-n+3) .td-module-container:before{\r\n\t\t\t\t\tdisplay: none !important;\r\n\t\t\t\t}.tdi_7 .td-module-container:before{\r\n\t\t\t\t\tbottom: -18px;\r\n\t\t\t\t}.tdi_7 .td-module-title a{\r\n                    box-shadow: inset 0 0 0 0 #000;\r\n                }@media (min-width: 768px) {\r\n                    .tdi_7 .td-module-title a {\r\n                        transition: all 0.2s ease;\r\n                        -webkit-transition: all 0.2s ease;\r\n                    }\r\n                }\n}\n<\/style>\n<div class=\"tdi_7_rand_style td-element-style\"><style>\n.tdi_7_rand_style{\nbackground-color:#000c1e !important;\n}\n <\/style><\/div><script>var block_tdi_7 = new tdBlock();\nblock_tdi_7.id = \"tdi_7\";\nblock_tdi_7.atts = '{\"art_title_pos\":\"bottom\",\"info_pos\":\"bottom\",\"art_excerpt_pos\":\"bottom\",\"art_audio_pos\":\"bottom\",\"modules_category\":\"image\",\"btn_pos\":\"bottom\",\"hide_audio\":\"yes\",\"category_id\":\"41\",\"modules_on_row\":\"25%\",\"custom_title\":\"Seestar S30\",\"block_template_id\":\"td_block_template_9\",\"limit\":\"15\",\"ajax_pagination\":\"next_prev\",\"show_com\":\"none\",\"show_review\":\"none\",\"tdc_css\":\"eyJhbGwiOnsiYm9yZGVyLXRvcC13aWR0aCI6IjEiLCJib3JkZXItcmlnaHQtd2lkdGgiOiIxIiwiYm9yZGVyLWJvdHRvbS13aWR0aCI6IjEiLCJib3JkZXItbGVmdC13aWR0aCI6IjEiLCJwYWRkaW5nLXRvcCI6IjIwIiwicGFkZGluZy1yaWdodCI6IjIwIiwicGFkZGluZy1ib3R0b20iOiIxMCIsInBhZGRpbmctbGVmdCI6IjIwIiwiYm9yZGVyLWNvbG9yIjoiI2RkOTkzMyIsImJhY2tncm91bmQtY29sb3IiOiIjMDAwYzFlIiwiZGlzcGxheSI6IiJ9fQ==\",\"modules_divider\":\"solid\",\"show_cat\":\"none\",\"show_author\":\"none\",\"block_type\":\"td_flex_block_5\",\"separator\":\"\",\"custom_url\":\"\",\"title_tag\":\"\",\"mc5_tl\":\"\",\"mc5_title_tag\":\"\",\"mc5_el\":\"\",\"post_ids\":\"\",\"taxonomies\":\"\",\"category_ids\":\"\",\"in_all_terms\":\"\",\"tag_slug\":\"\",\"autors_id\":\"\",\"installed_post_types\":\"\",\"include_cf_posts\":\"\",\"exclude_cf_posts\":\"\",\"sort\":\"\",\"linked_posts\":\"\",\"favourite_only\":\"\",\"offset\":\"\",\"open_in_new_window\":\"\",\"show_modified_date\":\"\",\"time_ago\":\"\",\"time_ago_add_txt\":\"ago\",\"time_ago_txt_pos\":\"\",\"el_class\":\"\",\"td_query_cache\":\"\",\"td_query_cache_expiration\":\"\",\"td_ajax_filter_type\":\"\",\"td_ajax_filter_ids\":\"\",\"td_filter_default_txt\":\"All\",\"td_ajax_preloading\":\"\",\"modules_gap\":\"\",\"m_padding\":\"\",\"all_modules_space\":\"36\",\"modules_border_size\":\"\",\"modules_border_style\":\"\",\"modules_border_color\":\"#eaeaea\",\"divider_on\":\"\",\"modules_divider_color\":\"#eaeaea\",\"h_effect\":\"\",\"image_size\":\"\",\"image_alignment\":\"50\",\"image_height\":\"\",\"image_radius\":\"\",\"image_margin\":\"\",\"hide_image\":\"\",\"show_favourites\":\"\",\"fav_size\":\"2\",\"fav_space\":\"\",\"fav_ico_color\":\"\",\"fav_ico_color_h\":\"\",\"fav_bg\":\"\",\"fav_bg_h\":\"\",\"fav_shadow_shadow_header\":\"\",\"fav_shadow_shadow_title\":\"Shadow\",\"fav_shadow_shadow_size\":\"\",\"fav_shadow_shadow_offset_horizontal\":\"\",\"fav_shadow_shadow_offset_vertical\":\"\",\"fav_shadow_shadow_spread\":\"\",\"fav_shadow_shadow_color\":\"\",\"video_icon\":\"\",\"video_popup\":\"yes\",\"video_rec\":\"\",\"spot_header\":\"\",\"video_rec_title\":\"\",\"video_rec_color\":\"\",\"video_rec_disable\":\"\",\"autoplay_vid\":\"yes\",\"show_vid_t\":\"block\",\"vid_t_margin\":\"\",\"vid_t_padding\":\"\",\"video_title_color\":\"\",\"video_title_color_h\":\"\",\"video_bg\":\"\",\"video_overlay\":\"\",\"vid_t_color\":\"\",\"vid_t_bg_color\":\"\",\"f_vid_title_font_header\":\"\",\"f_vid_title_font_title\":\"Video pop-up article title\",\"f_vid_title_font_settings\":\"\",\"f_vid_title_font_family\":\"\",\"f_vid_title_font_size\":\"\",\"f_vid_title_font_line_height\":\"\",\"f_vid_title_font_style\":\"\",\"f_vid_title_font_weight\":\"\",\"f_vid_title_font_transform\":\"\",\"f_vid_title_font_spacing\":\"\",\"f_vid_title_\":\"\",\"f_vid_time_font_title\":\"Video duration text\",\"f_vid_time_font_settings\":\"\",\"f_vid_time_font_family\":\"\",\"f_vid_time_font_size\":\"\",\"f_vid_time_font_line_height\":\"\",\"f_vid_time_font_style\":\"\",\"f_vid_time_font_weight\":\"\",\"f_vid_time_font_transform\":\"\",\"f_vid_time_font_spacing\":\"\",\"f_vid_time_\":\"\",\"meta_info_horiz\":\"content-horiz-left\",\"meta_width\":\"\",\"meta_margin\":\"\",\"meta_margin2\":\"\",\"meta_padding\":\"\",\"meta_padding2\":\"\",\"meta_info_border_size\":\"\",\"meta_info_border_size2\":\"\",\"meta_info_border_style\":\"\",\"meta_info_border_color\":\"#eaeaea\",\"meta_info_border_radius\":\"\",\"meta_info_border_radius2\":\"\",\"info_space\":\"\",\"art_title\":\"\",\"show_excerpt\":\"block\",\"art_excerpt\":\"\",\"excerpt_inline\":\"\",\"meta_space\":\"\",\"show_audio\":\"block\",\"art_audio\":\"\",\"art_audio_size\":\"1.5\",\"modules_category_margin\":\"\",\"modules_category_padding\":\"\",\"modules_category_border\":\"\",\"modules_category_radius\":\"0\",\"modules_extra_cat\":\"\",\"author_photo\":\"\",\"author_photo_size\":\"\",\"author_photo_space\":\"\",\"author_photo_radius\":\"\",\"show_date\":\"inline-block\",\"review_space\":\"\",\"review_size\":\"2.5\",\"review_distance\":\"\",\"show_btn\":\"block\",\"btn_title\":\"\",\"btn_margin\":\"\",\"btn_padding\":\"\",\"btn_border_width\":\"\",\"btn_radius\":\"\",\"pag_space\":\"\",\"pag_padding\":\"\",\"pag_border_width\":\"\",\"pag_border_radius\":\"\",\"prev_tdicon\":\"\",\"next_tdicon\":\"\",\"pag_icons_size\":\"\",\"f_header_font_header\":\"\",\"f_header_font_title\":\"Block header\",\"f_header_font_settings\":\"\",\"f_header_font_family\":\"\",\"f_header_font_size\":\"\",\"f_header_font_line_height\":\"\",\"f_header_font_style\":\"\",\"f_header_font_weight\":\"\",\"f_header_font_transform\":\"\",\"f_header_font_spacing\":\"\",\"f_header_\":\"\",\"f_ajax_font_title\":\"Ajax categories\",\"f_ajax_font_settings\":\"\",\"f_ajax_font_family\":\"\",\"f_ajax_font_size\":\"\",\"f_ajax_font_line_height\":\"\",\"f_ajax_font_style\":\"\",\"f_ajax_font_weight\":\"\",\"f_ajax_font_transform\":\"\",\"f_ajax_font_spacing\":\"\",\"f_ajax_\":\"\",\"f_more_font_title\":\"Load more button\",\"f_more_font_settings\":\"\",\"f_more_font_family\":\"\",\"f_more_font_size\":\"\",\"f_more_font_line_height\":\"\",\"f_more_font_style\":\"\",\"f_more_font_weight\":\"\",\"f_more_font_transform\":\"\",\"f_more_font_spacing\":\"\",\"f_more_\":\"\",\"f_title_font_header\":\"\",\"f_title_font_title\":\"Article title\",\"f_title_font_settings\":\"\",\"f_title_font_family\":\"\",\"f_title_font_size\":\"\",\"f_title_font_line_height\":\"\",\"f_title_font_style\":\"\",\"f_title_font_weight\":\"\",\"f_title_font_transform\":\"\",\"f_title_font_spacing\":\"\",\"f_title_\":\"\",\"f_cat_font_title\":\"Article category tag\",\"f_cat_font_settings\":\"\",\"f_cat_font_family\":\"\",\"f_cat_font_size\":\"\",\"f_cat_font_line_height\":\"\",\"f_cat_font_style\":\"\",\"f_cat_font_weight\":\"\",\"f_cat_font_transform\":\"\",\"f_cat_font_spacing\":\"\",\"f_cat_\":\"\",\"f_meta_font_title\":\"Article meta info\",\"f_meta_font_settings\":\"\",\"f_meta_font_family\":\"\",\"f_meta_font_size\":\"\",\"f_meta_font_line_height\":\"\",\"f_meta_font_style\":\"\",\"f_meta_font_weight\":\"\",\"f_meta_font_transform\":\"\",\"f_meta_font_spacing\":\"\",\"f_meta_\":\"\",\"f_ex_font_title\":\"Article excerpt\",\"f_ex_font_settings\":\"\",\"f_ex_font_family\":\"\",\"f_ex_font_size\":\"\",\"f_ex_font_line_height\":\"\",\"f_ex_font_style\":\"\",\"f_ex_font_weight\":\"\",\"f_ex_font_transform\":\"\",\"f_ex_font_spacing\":\"\",\"f_ex_\":\"\",\"f_btn_font_title\":\"Article read more button\",\"f_btn_font_settings\":\"\",\"f_btn_font_family\":\"\",\"f_btn_font_size\":\"\",\"f_btn_font_line_height\":\"\",\"f_btn_font_style\":\"\",\"f_btn_font_weight\":\"\",\"f_btn_font_transform\":\"\",\"f_btn_font_spacing\":\"\",\"f_btn_\":\"\",\"mix_color\":\"\",\"mix_type\":\"\",\"fe_brightness\":\"1\",\"fe_contrast\":\"1\",\"fe_saturate\":\"1\",\"mix_color_h\":\"\",\"mix_type_h\":\"\",\"fe_brightness_h\":\"1\",\"fe_contrast_h\":\"1\",\"fe_saturate_h\":\"1\",\"m_bg\":\"\",\"shadow_shadow_header\":\"\",\"shadow_shadow_title\":\"Module Shadow\",\"shadow_shadow_size\":\"\",\"shadow_shadow_offset_horizontal\":\"\",\"shadow_shadow_offset_vertical\":\"\",\"shadow_shadow_spread\":\"\",\"shadow_shadow_color\":\"\",\"meta_bg\":\"\",\"meta_bg2\":\"\",\"title_txt\":\"\",\"title_txt_hover\":\"\",\"all_underline_height\":\"\",\"all_underline_color\":\"#000\",\"cat_bg\":\"\",\"cat_bg_hover\":\"\",\"cat_txt\":\"\",\"cat_txt_hover\":\"\",\"cat_border\":\"\",\"cat_border_hover\":\"\",\"author_txt\":\"\",\"author_txt_hover\":\"\",\"date_txt\":\"\",\"ex_txt\":\"\",\"com_bg\":\"\",\"com_txt\":\"\",\"rev_txt\":\"\",\"shadow_m_shadow_header\":\"\",\"shadow_m_shadow_title\":\"Meta info shadow\",\"shadow_m_shadow_size\":\"\",\"shadow_m_shadow_offset_horizontal\":\"\",\"shadow_m_shadow_offset_vertical\":\"\",\"shadow_m_shadow_spread\":\"\",\"shadow_m_shadow_color\":\"\",\"audio_btn_color\":\"\",\"audio_time_color\":\"\",\"audio_bar_color\":\"\",\"audio_bar_curr_color\":\"\",\"btn_bg\":\"\",\"btn_bg_hover\":\"\",\"btn_txt\":\"\",\"btn_txt_hover\":\"\",\"btn_border\":\"\",\"btn_border_hover\":\"\",\"pag_text\":\"\",\"pag_h_text\":\"\",\"pag_bg\":\"\",\"pag_h_bg\":\"\",\"pag_border\":\"\",\"pag_h_border\":\"\",\"ajax_pagination_next_prev_swipe\":\"\",\"ajax_pagination_infinite_stop\":\"\",\"css\":\"\",\"td_column_number\":3,\"header_color\":\"\",\"color_preset\":\"\",\"border_top\":\"\",\"class\":\"tdi_7\",\"tdc_css_class\":\"tdi_7\",\"tdc_css_class_style\":\"tdi_7_rand_style\"}';\nblock_tdi_7.td_column_number = \"3\";\nblock_tdi_7.block_type = \"td_flex_block_5\";\nblock_tdi_7.post_count = \"2\";\nblock_tdi_7.found_posts = \"2\";\nblock_tdi_7.header_color = \"\";\nblock_tdi_7.ajax_pagination_infinite_stop = \"\";\nblock_tdi_7.max_num_pages = \"1\";\ntdBlocksArray.push(block_tdi_7);\n<\/script><div class=\"td-block-title-wrap\"><h4 class=\"td-block-title\"><span class=\"td-pulldown-size\">Seestar S30<\/span><\/h4><\/div><div id=tdi_7 class=\"td_block_inner td-mc1-wrap\">\r\n        <div class=\"td_module_flex td_module_flex_5 td_module_wrap td-animation-stack td-cpt-post\">\r\n            <div class=\"td-module-container td-category-pos-image\">\r\n                                        <div class=\"td-image-container\">\r\n                            <div class=\"td-module-thumb\"><a href=\"https:\/\/www.reisen-im-licht-der-sterne.de\/?p=1965\"  rel=\"bookmark\" class=\"td-image-wrap \" title=\"NGC 7635 (Bubble-Nebel) mit dem Seestar\" ><span class=\"entry-thumb td-thumb-css\" data-type=\"css_image\" data-img-url=\"https:\/\/www.reisen-im-licht-der-sterne.de\/wp-content\/uploads\/2026\/01\/2026_01_18_bubble_thumb.jpg\"  ><\/span><\/a><\/div>                        <\/div>\r\n                \r\n                                    <div class=\"td-module-meta-info td-module-meta-info-bottom\">\r\n                        <h3 class=\"entry-title td-module-title\"><a href=\"https:\/\/www.reisen-im-licht-der-sterne.de\/?p=1965\"  rel=\"bookmark\" title=\"NGC 7635 (Bubble-Nebel) mit dem Seestar\">NGC 7635 (Bubble-Nebel) mit dem Seestar<\/a><\/h3><div class=\"td-editor-date\"><span class=\"td-author-date\"><span class=\"td-post-date\"><time class=\"entry-date updated td-module-date\" datetime=\"2026-01-29T10:08:29+00:00\" >29. Januar 2026<\/time><\/span><\/span><\/div><div class=\"td-excerpt\">Nach den sch\u00f6nen Anfangserfolgen, wollte ich beim Seestar S30 nun den EQ-Modus ausprobieren. Ich erwarte darin einen Vorteil durch l\u00e4ngere Belichtungszeiten.\r\n\r\nAls erster Test sollte...<\/div><div class=\"td-read-more\"><a href=\"https:\/\/www.reisen-im-licht-der-sterne.de\/?p=1965\" title=\"Weiterlesen\" >Weiterlesen<\/a><\/div>                    <\/div>\r\n                            <\/div>\r\n        <\/div>\r\n\r\n        \r\n        <div class=\"td_module_flex td_module_flex_5 td_module_wrap td-animation-stack td-cpt-post\">\r\n            <div class=\"td-module-container td-category-pos-image\">\r\n                                        <div class=\"td-image-container\">\r\n                            <div class=\"td-module-thumb\"><a href=\"https:\/\/www.reisen-im-licht-der-sterne.de\/?p=1936\"  rel=\"bookmark\" class=\"td-image-wrap \" title=\"M 71 mit dem Seestar S30\" ><span class=\"entry-thumb td-thumb-css\" data-type=\"css_image\" data-img-url=\"https:\/\/www.reisen-im-licht-der-sterne.de\/wp-content\/uploads\/2025\/09\/Seestar_M71_thumb-696x441.jpg\"  ><\/span><\/a><\/div>                        <\/div>\r\n                \r\n                                    <div class=\"td-module-meta-info td-module-meta-info-bottom\">\r\n                        <h3 class=\"entry-title td-module-title\"><a href=\"https:\/\/www.reisen-im-licht-der-sterne.de\/?p=1936\"  rel=\"bookmark\" title=\"M 71 mit dem Seestar S30\">M 71 mit dem Seestar S30<\/a><\/h3><div class=\"td-editor-date\"><span class=\"td-author-date\"><span class=\"td-post-date\"><time class=\"entry-date updated td-module-date\" datetime=\"2025-09-22T16:27:58+00:00\" >22. September 2025<\/time><\/span><\/span><\/div><div class=\"td-excerpt\">Nicht das jetzt einer glaubt, ich h\u00e4tte mir einen Seestar zugelegt. Freundlicherweise hat mir ein Kollege das Teil f\u00fcr eine Demonstration \u00fcberlassen (Danke an...<\/div><div class=\"td-read-more\"><a href=\"https:\/\/www.reisen-im-licht-der-sterne.de\/?p=1936\" title=\"Weiterlesen\" >Weiterlesen<\/a><\/div>                    <\/div>\r\n                            <\/div>\r\n        <\/div>\r\n\r\n        <\/div><div class=\"td-next-prev-wrap\"><a href=\"#\" class=\"td-ajax-prev-page ajax-page-disabled\" aria-label=\"prev-page\" id=\"prev-page-tdi_7\" data-td_block_id=\"tdi_7\"><i class=\"td-next-prev-icon td-icon-font td-icon-menu-left\"><\/i><\/a><a href=\"#\"  class=\"td-ajax-next-page ajax-page-disabled\" aria-label=\"next-page-disabled\" id=\"next-page-tdi_7\" data-td_block_id=\"tdi_7\"><i class=\"td-next-prev-icon td-icon-font td-icon-menu-right\"><\/i><\/a><\/div><\/div><\/div><\/div><\/div><\/div><\/div><\/div>","protected":false},"excerpt":{"rendered":"","protected":false},"author":1,"featured_media":0,"parent":0,"menu_order":0,"comment_status":"closed","ping_status":"closed","template":"","meta":{"footnotes":""},"class_list":["post-1955","page","type-page","status-publish"],"_links":{"self":[{"href":"https:\/\/www.reisen-im-licht-der-sterne.de\/index.php?rest_route=\/wp\/v2\/pages\/1955","targetHints":{"allow":["GET"]}}],"collection":[{"href":"https:\/\/www.reisen-im-licht-der-sterne.de\/index.php?rest_route=\/wp\/v2\/pages"}],"about":[{"href":"https:\/\/www.reisen-im-licht-der-sterne.de\/index.php?rest_route=\/wp\/v2\/types\/page"}],"author":[{"embeddable":true,"href":"https:\/\/www.reisen-im-licht-der-sterne.de\/index.php?rest_route=\/wp\/v2\/users\/1"}],"replies":[{"embeddable":true,"href":"https:\/\/www.reisen-im-licht-der-sterne.de\/index.php?rest_route=%2Fwp%2Fv2%2Fcomments&post=1955"}],"version-history":[{"count":6,"href":"https:\/\/www.reisen-im-licht-der-sterne.de\/index.php?rest_route=\/wp\/v2\/pages\/1955\/revisions"}],"predecessor-version":[{"id":1963,"href":"https:\/\/www.reisen-im-licht-der-sterne.de\/index.php?rest_route=\/wp\/v2\/pages\/1955\/revisions\/1963"}],"wp:attachment":[{"href":"https:\/\/www.reisen-im-licht-der-sterne.de\/index.php?rest_route=%2Fwp%2Fv2%2Fmedia&parent=1955"}],"curies":[{"name":"wp","href":"https:\/\/api.w.org\/{rel}","templated":true}]}}